{"id":11,"date":"2013-07-16T07:04:53","date_gmt":"2013-07-16T07:04:53","guid":{"rendered":"http:\/\/fitnessplanet-gmbh.de\/?page_id=11"},"modified":"2022-04-02T12:39:19","modified_gmt":"2022-04-02T11:39:19","slug":"fitnessplanet-2-2","status":"publish","type":"page","link":"https:\/\/fitnessplanet-wernau.de\/","title":{"rendered":"Startseite"},"content":{"rendered":"<p>[vc_section][vc_row css=&#8221;.vc_custom_1648898386080{margin-top: 64px !important;}&#8221;][vc_column]<div class=\"rt-owl-title-1  style2\">\n\t<div class=\"section-title\">\n\t\t<h2 class=\"owl-title\" style=\"color:#111111;\">Fitnessplanet<\/h2>\n\t\t<div class=\"owl-description\" style=\"color:#111111;\"><\/div>\n\t<\/div>\n<\/div>[\/vc_column][\/vc_row][vc_row][vc_column width=&#8221;1\/3&#8243;]<div class=\"rt-info-text-3 \" style=\"\">\n    <div class=\"title rounded\">\n                    <img decoding=\"async\" width=\"76\" height=\"80\" src=\"https:\/\/fitnessplanet-wernau.de\/wp-content\/uploads\/2013\/07\/zirkel-icon.png\" class=\"attachment-80x80 size-80x80\" alt=\"\" \/>            <\/div>\n    <div class=\"media-body\">\n        <h3 class=\"media-heading\" style=\"\">Zirkel.<\/h3>\n        <div class=\"rt-spacing rt-separator\" style=\"margin: 15px auto;\"><\/div>\n        <p class=\"mb0\" style=\"\"><\/p>\n<p style=\"text-align: center\">Hier gibt es das Original\u2026\u00a0<strong>Milon-Zirkel<br \/>\n<\/strong><a href=\"https:\/\/fitnessplanet-wernau.de\/?portfolio=fettstoffwechselzirkel\"><strong>Fettstoffwechselzirkel<\/strong><\/a><br \/>\nund<br \/>\n<a href=\"https:\/\/fitnessplanet-wernau.de\/?portfolio=figurzirkel\"><strong>Figurzirkel<\/strong><\/a><\/p>\n    <\/div>\n    <div class=\"clear\"><\/div>\n<\/div>[\/vc_column][vc_column width=&#8221;1\/3&#8243;]<div class=\"rt-info-text-3 \" style=\"\">\n    <div class=\"title rounded\">\n                    <img decoding=\"async\" width=\"76\" height=\"80\" src=\"https:\/\/fitnessplanet-wernau.de\/wp-content\/uploads\/2013\/09\/cardio-icon.png\" class=\"attachment-80x80 size-80x80\" alt=\"\" \/>            <\/div>\n    <div class=\"media-body\">\n        <h3 class=\"media-heading\" style=\"\">Cardio.<\/h3>\n        <div class=\"rt-spacing rt-separator\" style=\"margin: 15px auto;\"><\/div>\n        <p class=\"mb0\" style=\"\"><\/p>\n<p style=\"text-align: center\"><strong>Mehr als laufen oder bergsteigen:\u00a0<\/strong><strong>Training im Schwebezustand<\/strong> Unser neuester Adaptive Motion Trainer\u00ae \u2013 der AMT\u00ae 885 mit Open Stride&#x2122; von Precor bietet ein v\u00f6llig neues Trainingsgef\u00fchl. <a href=\"https:\/\/fitnessplanet-wernau.de\/?page_id=2755\"><strong>Weiterlesen<\/strong><\/a><\/p>\n<p><\/p>\n    <\/div>\n    <div class=\"clear\"><\/div>\n<\/div>[\/vc_column][vc_column width=&#8221;1\/3&#8243;]<div class=\"rt-info-text-3 \" style=\"\">\n    <div class=\"title rounded\">\n                    <img decoding=\"async\" width=\"76\" height=\"80\" src=\"https:\/\/fitnessplanet-wernau.de\/wp-content\/uploads\/2013\/09\/Vibrationstraining-icon.png\" class=\"attachment-80x80 size-80x80\" alt=\"\" \/>            <\/div>\n    <div class=\"media-body\">\n        <h3 class=\"media-heading\" style=\"\">Vibrationstraining.<\/h3>\n        <div class=\"rt-spacing rt-separator\" style=\"margin: 15px auto;\"><\/div>\n        <p class=\"mb0\" style=\"\"><\/p>\n<p style=\"text-align: center\"><strong>XSAM ist f\u00fcr alle:<\/strong> Fit im Alter \u00b7 Aktiv mit Freizeitsport \u00b7 Maximale Leistung im Kraft- und Ausdauersport \u00b7 Entspannung und gutes K\u00f6rpergef\u00fchl f\u00fcr Jung und Alt. <a href=\"https:\/\/fitnessplanet-wernau.de\/?page_id=2732\"><strong>Weiterlesen<\/strong><\/a><\/p>\n<p><\/p>\n    <\/div>\n    <div class=\"clear\"><\/div>\n<\/div>[\/vc_column][\/vc_row][vc_row][vc_column][vc_separator style=&#8221;dashed&#8221; border_width=&#8221;2&#8243;]<div class=\"rt-owl-title-1  style2\">\n\t<div class=\"section-title\">\n\t\t<h2 class=\"owl-title\" style=\"color:#111111;\">Unsere Highlights<\/h2>\n\t\t<div class=\"owl-description\" style=\"color:#111111;\"><\/div>\n\t<\/div>\n<\/div>[\/vc_column][\/vc_row][vc_row][vc_column][\/vc_column][\/vc_row][vc_row][vc_column width=&#8221;1\/3&#8243;][vc_column_text]<\/p>\n<h3 class=\"owl-title\">Was ist FIVE.<\/h3>\n<p>[\/vc_column_text][vc_single_image image=&#8221;2244&#8243; img_size=&#8221;400&#215;400&#8243;][vc_column_text]<\/p>\n<div class=\"vc_row wpb_row vc_row-fluid\">\n<div class=\"wpb_column vc_column_container vc_col-sm-12\">\n<div class=\"vc_column-inner\">\n<div class=\"wpb_wrapper\">\n<div class=\"rt-owl-title-1 style2\">\n<div class=\"section-title\">\n<div class=\"owl-description\">\n<p>Mit five werden unsere allt\u00e4glichen Beugepositionen durch R\u00fcckw\u00e4rtsbewegungen aufgebrochen.<\/p>\n<p>Bereits vier bis f\u00fcnf R\u00fcckw\u00e4rtsbewegungen pro Tag k\u00f6nnen das k\u00f6rperliche Empfinden ver\u00e4ndern.<\/p>\n<\/div>\n<\/div>\n<\/div>\n<\/div>\n<\/div>\n<\/div>\n<\/div>\n<div class=\"vc_row wpb_row vc_row-fluid\">\n<div class=\"wpb_column vc_column_container vc_col-sm-12\">\n<div class=\"vc_column-inner\">\n<div class=\"wpb_wrapper\">\n<div class=\"wpb_text_column wpb_content_element wpb_animate_when_almost_visible wpb_fadeIn fadeIn wpb_start_animation animated\">\n<div class=\"wpb_wrapper\">\n<p>&nbsp;<\/p>\n<\/div>\n<\/div>\n<\/div>\n<\/div>\n<\/div>\n<\/div>\n<p>[\/vc_column_text][vc_btn title=&#8221;mehr Informationen&#8221; link=&#8221;url:http%3A%2F%2Ffitnessplanet-wernau.de%2F%3Fpage_id%3D2670|title:five||&#8221;][\/vc_column][vc_column width=&#8221;1\/3&#8243;][vc_column_text]<\/p>\n<h3 class=\"entry-title\">REHASPORT \u2013 Auch f\u00fcr Sie!<\/h3>\n<p>[\/vc_column_text][vc_single_image image=&#8221;2473&#8243; img_size=&#8221;400&#215;400&#8243;][vc_column_text]<span style=\"color: #333333;\">Sie leiden unter R\u00fcckenschmerzen. \u00dcbergewicht? Osteoporose? Arthrose? Sie haben Probleme mit Knie, H\u00fcfte oder Schulter? Sie leiden unter Inkontinenz?<\/span><\/p>\n<p><span style=\"color: #333333;\">Dann nutzen Sie jetzt die M\u00f6glichkeit und entscheiden Sie sich, aktiv etwas f\u00fcr Ihre Gesundheit zu tun. Es lohnt sich. Und es ist ganz einfach.<\/span>[\/vc_column_text][vc_btn title=&#8221;mehr Informationen&#8221; link=&#8221;url:http%3A%2F%2Ffitnessplanet-wernau.de%2F%3Fp%3D2470|title:five||&#8221;][\/vc_column][vc_column width=&#8221;1\/3&#8243;][vc_column_text]<\/p>\n<h3 class=\"entry-title\">milon- &amp; Faszientraining!<\/h3>\n<p>[\/vc_column_text][vc_single_image image=&#8221;2115&#8243; img_size=&#8221;400&#215;400&#8243;][vc_column_text]Sie haben \u00dcbergewicht und \/ oder leiden an R\u00fcckenbeschwerden?<\/p>\n<p class=\"p1\">Dann testen Sie unseren Fettstoffwechselzirkel in Kombination mit<strong>\u00a0<span class=\"s1\">Faszientraining mit der Faszienrolle<\/span>\u00a0\u201eBlackroll\u201c<\/strong>\u00a0unter Anleitung von ausgebildeten Trainern.<\/p>\n<p>[\/vc_column_text][vc_btn title=&#8221;mehr Informationen&#8221; link=&#8221;url:http%3A%2F%2Ffitnessplanet-wernau.de%2F%3Fpage_id%3D2722|title:five||&#8221;][\/vc_column][\/vc_row][vc_row][vc_column][\/vc_column][\/vc_row][vc_row][vc_column][vc_separator style=&#8221;dashed&#8221; border_width=&#8221;2&#8243;]<div class=\"rt-owl-title-1  style2\">\n\t<div class=\"section-title\">\n\t\t<h2 class=\"owl-title\" style=\"color:#111111;\">Kursplan<\/h2>\n\t\t<div class=\"owl-description\" style=\"color:#111111;\"><\/div>\n\t<\/div>\n<\/div>[\/vc_column][\/vc_row][vc_row][vc_column]<div class=\"row\">\n\t<div class=\"col-lg-12 col-md-12 col-sm-12\">\n\t\t<div class=\"rt-class-schedule-1 schedule-no-background schedule-has-button\">\n\t\t\t<ul class=\"nav nav-tabs\">\n\t\t\t\t\t\t\t\t\t\t\t\t\t\t\t\t\t\t<li><a class=\"active\" href=\"#tue-354287324\" data-toggle=\"tab\">Tuesday<\/a><\/li>\n\t\t\t\t\t\t\t\t\t\t\t\t\t\t<li><a class=\"\" href=\"#wed-354287324\" data-toggle=\"tab\">Wednesday<\/a><\/li>\n\t\t\t\t\t\t\t\t\t\t\t\t\t\t<li><a class=\"\" href=\"#thu-354287324\" data-toggle=\"tab\">Thursday<\/a><\/li>\n\t\t\t\t\t\t\t\t\t\t\t\t\t\t<li><a class=\"\" href=\"#fri-354287324\" data-toggle=\"tab\">Friday<\/a><\/li>\n\t\t\t\t\t\t\t<\/ul>\n\t\t\t<div class=\"tab-content class-schedule-tab\">\n\t\t\t\t\t\t\t\t\t\t\t\t\t\t\t\t\t\t<div class=\"tab-pane fade show active\" id=\"tue-354287324\">\n\t\t\t\t\t\t                            \t\t\t\t\t\t\t<ul>\n\t\t\t\t\t\t\t\t<li>Total Body Workout<\/li>\n\t\t\t\t\t\t\t\t<li>09:15 - 10:15<\/li>\n\t\t\t\t\t\t\t\t<li><\/li>\n\t\t\t\t\t\t\t\t\t\t\t\t\t\t\t<\/ul>\n\t\t\t\t\t\t                            \t\t\t\t\t\t\t<ul>\n\t\t\t\t\t\t\t\t<li>Fatburner Spinning<\/li>\n\t\t\t\t\t\t\t\t<li>10:15 - 11:15<\/li>\n\t\t\t\t\t\t\t\t<li><\/li>\n\t\t\t\t\t\t\t\t\t\t\t\t\t\t\t<\/ul>\n\t\t\t\t\t\t                            \t\t\t\t\t\t\t<ul>\n\t\t\t\t\t\t\t\t<li>R\u00fcckenFit<\/li>\n\t\t\t\t\t\t\t\t<li>11:15 - 12:15<\/li>\n\t\t\t\t\t\t\t\t<li><\/li>\n\t\t\t\t\t\t\t\t\t\t\t\t\t\t\t<\/ul>\n\t\t\t\t\t\t                            \t\t\t\t\t\t\t<ul>\n\t\t\t\t\t\t\t\t<li>Zumba<\/li>\n\t\t\t\t\t\t\t\t<li>18:30 - 19:30<\/li>\n\t\t\t\t\t\t\t\t<li><\/li>\n\t\t\t\t\t\t\t\t\t\t\t\t\t\t\t<\/ul>\n\t\t\t\t\t\t\t\t\t\t\t<\/div>\n\t\t\t\t\t\t\t\t\t\t\t\t\t\t<div class=\"tab-pane fade\" id=\"wed-354287324\">\n\t\t\t\t\t\t                            \t\t\t\t\t\t\t<ul>\n\t\t\t\t\t\t\t\t<li>BBP &amp; more<\/li>\n\t\t\t\t\t\t\t\t<li>18:15 - 19:00<\/li>\n\t\t\t\t\t\t\t\t<li><\/li>\n\t\t\t\t\t\t\t\t\t\t\t\t\t\t\t<\/ul>\n\t\t\t\t\t\t                            \t\t\t\t\t\t\t<ul>\n\t\t\t\t\t\t\t\t<li>Cycling<\/li>\n\t\t\t\t\t\t\t\t<li>19:20 - 20:20<\/li>\n\t\t\t\t\t\t\t\t<li><\/li>\n\t\t\t\t\t\t\t\t\t\t\t\t\t\t\t<\/ul>\n\t\t\t\t\t\t\t\t\t\t\t<\/div>\n\t\t\t\t\t\t\t\t\t\t\t\t\t\t<div class=\"tab-pane fade\" id=\"thu-354287324\">\n\t\t\t\t\t\t                            \t\t\t\t\t\t\t<ul>\n\t\t\t\t\t\t\t\t<li>Bauch und R\u00fccken<\/li>\n\t\t\t\t\t\t\t\t<li>09:30 - 10:30<\/li>\n\t\t\t\t\t\t\t\t<li><\/li>\n\t\t\t\t\t\t\t\t\t\t\t\t\t\t\t<\/ul>\n\t\t\t\t\t\t                            \t\t\t\t\t\t\t<ul>\n\t\t\t\t\t\t\t\t<li>Fatburner Spinning<\/li>\n\t\t\t\t\t\t\t\t<li>10:30 - 11:30<\/li>\n\t\t\t\t\t\t\t\t<li><\/li>\n\t\t\t\t\t\t\t\t\t\t\t\t\t\t\t<\/ul>\n\t\t\t\t\t\t                            \t\t\t\t\t\t\t<ul>\n\t\t\t\t\t\t\t\t<li>Functional Training<\/li>\n\t\t\t\t\t\t\t\t<li>18:00 - 19:00<\/li>\n\t\t\t\t\t\t\t\t<li><\/li>\n\t\t\t\t\t\t\t\t\t\t\t\t\t\t\t<\/ul>\n\t\t\t\t\t\t                            \t\t\t\t\t\t\t<ul>\n\t\t\t\t\t\t\t\t<li>Core \/ Blackroll<\/li>\n\t\t\t\t\t\t\t\t<li>19:00 - 20:00<\/li>\n\t\t\t\t\t\t\t\t<li><\/li>\n\t\t\t\t\t\t\t\t\t\t\t\t\t\t\t<\/ul>\n\t\t\t\t\t\t                            \t\t\t\t\t\t\t<ul>\n\t\t\t\t\t\t\t\t<li>Dance Step<\/li>\n\t\t\t\t\t\t\t\t<li>20:00 - 21:00<\/li>\n\t\t\t\t\t\t\t\t<li><\/li>\n\t\t\t\t\t\t\t\t\t\t\t\t\t\t\t<\/ul>\n\t\t\t\t\t\t\t\t\t\t\t<\/div>\n\t\t\t\t\t\t\t\t\t\t\t\t\t\t<div class=\"tab-pane fade\" id=\"fri-354287324\">\n\t\t\t\t\t\t                            \t\t\t\t\t\t\t<ul>\n\t\t\t\t\t\t\t\t<li>Yoga<\/li>\n\t\t\t\t\t\t\t\t<li>18:30 - 19:45<\/li>\n\t\t\t\t\t\t\t\t<li><\/li>\n\t\t\t\t\t\t\t\t\t\t\t\t\t\t\t<\/ul>\n\t\t\t\t\t\t\t\t\t\t\t<\/div>\n\t\t\t\t\t\t\t<\/div>\n\t\t<\/div>\n\t<\/div>\n<\/div>[\/vc_column][\/vc_row][vc_row][vc_column][\/vc_column][\/vc_row][vc_row][vc_column][vc_separator style=&#8221;dashed&#8221; border_width=&#8221;2&#8243;]<div class=\"rt-owl-title-1  style2\">\n\t<div class=\"section-title\">\n\t\t<h2 class=\"owl-title\" style=\"color:#111111;\">Informationen<\/h2>\n\t\t<div class=\"owl-description\" style=\"color:#111111;\"><\/div>\n\t<\/div>\n<\/div>[\/vc_column][\/vc_row][vc_row][vc_column width=&#8221;1\/3&#8243;][vc_cta h2=&#8221;Training &amp; Di\u00e4t!&#8221; add_button=&#8221;bottom&#8221; btn_title=&#8221;weiterlesen&#8221; btn_style=&#8221;custom&#8221; btn_custom_background=&#8221;#a50004&#8243; btn_custom_text=&#8221;#ffffff&#8221; btn_size=&#8221;sm&#8221; btn_link=&#8221;url:http%3A%2F%2Ffitnessplanet-wernau.de%2F%3Fpage_id%3D2684|title:Training%20%26%20Di%C3%A4t||&#8221;]Medizinische Erkenntnisse standen bei der Entwicklung des Vacu-Walk im Vordergrund. Durch Unterdruck wird die Durchblutung gef\u00f6rdert. Mehr Blut transportiert mehr Sauerstoff ins Gewerbe. Sauerstoff aktiviert die Stoffwechselprozesse. Erh\u00f6hter Stoffwechsel verbraucht mehr Fett! Der Unterdruck der mit Hilfe einer Vakuumturbine im Inneren der GFK-Kapsel erzeugt wird, wird durch leichte Bewegung (Walking) auf dem integrierten Laufband kombiniert.[\/vc_cta][\/vc_column][vc_column width=&#8221;1\/3&#8243;][vc_cta h2=&#8221;Sei noch heute dein eigener Antrieb!&#8221; add_button=&#8221;bottom&#8221; btn_title=&#8221;weiterlesen&#8221; btn_style=&#8221;custom&#8221; btn_custom_background=&#8221;#a50004&#8243; btn_custom_text=&#8221;#ffffff&#8221; btn_size=&#8221;sm&#8221; css_animation=&#8221;none&#8221; btn_link=&#8221;url:http%3A%2F%2Ffitnessplanet-wernau.de%2F%3Fpage_id%3D2707|title:CURVE||&#8221; css=&#8221;.vc_custom_1563630750390{background-position: center !important;background-repeat: no-repeat !important;background-size: contain !important;}&#8221;]Das v\u00f6llig neue Laufbandkonzept erlaubt es jedem Benutzer, unabh\u00e4ngig von Gr\u00f6\u00dfe und Gewicht, sofort seine Wunschgeschwindigkeit zu erreichen \u2013 ohne Einsatz einer zus\u00e4tzlichen Steigung oder eines Motors!<br \/>\nDas durchdachte bogenf\u00f6rmige CURVE ist der H\u00f6hepunkt der langj\u00e4hrigen Entwicklung einer nichtmotorisierten Bauform eines Lamellenlaufbandes entworfen von<br \/>\nWOODWAY.[\/vc_cta][\/vc_column][vc_column width=&#8221;1\/3&#8243;][vc_cta h2=&#8221;Sanftes Gehen im Unterdruck!&#8221;]Das \u201eSchr\u00f6pfen\u201c wird schon seit \u00fcber 3000 Jahren praktiziert. Es erzeugt durch seine Wirkung eine sehr starke Durchblutung und kann den Lymphfluss positiv unterst\u00fctzen.<br \/>\nViele Frauen leiden unter Cellulite, besonders an den Oberschenkeln und am Po. Meistens ist der Kampf dagegen vergeblich, da es sich nicht nur um Wassereinlagerungen, sondern um eine Ansammlung von Fettzellen im Unterhautfettgewebe handelt. Deshalb kann nur eine gezielte Reduktion der Fettzellen Cellulite dauerhaft verbessern![\/vc_cta][\/vc_column][\/vc_row][\/vc_section]<\/p>\n","protected":false},"excerpt":{"rendered":"<p>[vc_section][vc_row css=&#8221;.vc_custom_1648898386080{margin-top: 64px !important;}&#8221;][vc_column][\/vc_column][\/vc_row][vc_row][vc_column width=&#8221;1\/3&#8243;][\/vc_column][vc_column width=&#8221;1\/3&#8243;][\/vc_column][vc_column width=&#8221;1\/3&#8243;][\/vc_column][\/vc_row][vc_row][vc_column][vc_separator style=&#8221;dashed&#8221; border_width=&#8221;2&#8243;][\/vc_column][\/vc_row][vc_row][vc_column][\/vc_column][\/vc_row][vc_row][vc_column width=&#8221;1\/3&#8243;][vc_column_text] Was ist FIVE. [\/vc_column_text][vc_single_image image=&#8221;2244&#8243; img_size=&#8221;400&#215;400&#8243;][vc_column_text] Mit five werden unsere allt\u00e4glichen Beugepositionen durch R\u00fcckw\u00e4rtsbewegungen aufgebrochen. Bereits vier bis f\u00fcnf R\u00fcckw\u00e4rtsbewegungen pro Tag k\u00f6nnen das k\u00f6rperliche Empfinden ver\u00e4ndern. &nbsp; [\/vc_column_text][vc_btn title=&#8221;mehr Informationen&#8221; link=&#8221;url:http%3A%2F%2Ffitnessplanet-wernau.de%2F%3Fpage_id%3D2670|title:five||&#8221;][\/vc_column][vc_column width=&#8221;1\/3&#8243;][vc_column_text] REHASPORT \u2013 Auch f\u00fcr Sie! [\/vc_column_text][vc_single_image image=&#8221;2473&#8243; img_size=&#8221;400&#215;400&#8243;][vc_column_text]Sie leiden unter R\u00fcckenschmerzen. \u00dcbergewicht? [&hellip;]<\/p>\n","protected":false},"author":1,"featured_media":0,"parent":0,"menu_order":0,"comment_status":"closed","ping_status":"closed","template":"","meta":{"footnotes":""},"class_list":["post-11","page","type-page","status-publish","hentry"],"_links":{"self":[{"href":"https:\/\/fitnessplanet-wernau.de\/index.php?rest_route=\/wp\/v2\/pages\/11","targetHints":{"allow":["GET"]}}],"collection":[{"href":"https:\/\/fitnessplanet-wernau.de\/index.php?rest_route=\/wp\/v2\/pages"}],"about":[{"href":"https:\/\/fitnessplanet-wernau.de\/index.php?rest_route=\/wp\/v2\/types\/page"}],"author":[{"embeddable":true,"href":"https:\/\/fitnessplanet-wernau.de\/index.php?rest_route=\/wp\/v2\/users\/1"}],"replies":[{"embeddable":true,"href":"https:\/\/fitnessplanet-wernau.de\/index.php?rest_route=%2Fwp%2Fv2%2Fcomments&post=11"}],"version-history":[{"count":302,"href":"https:\/\/fitnessplanet-wernau.de\/index.php?rest_route=\/wp\/v2\/pages\/11\/revisions"}],"predecessor-version":[{"id":3304,"href":"https:\/\/fitnessplanet-wernau.de\/index.php?rest_route=\/wp\/v2\/pages\/11\/revisions\/3304"}],"wp:attachment":[{"href":"https:\/\/fitnessplanet-wernau.de\/index.php?rest_route=%2Fwp%2Fv2%2Fmedia&parent=11"}],"curies":[{"name":"wp","href":"https:\/\/api.w.org\/{rel}","templated":true}]}}